). Suppose 23 = -3*b - 4*f, z*f - 3*f = 4*b + 22. What are the prime factors of o(b)?
2, 5
Let w(p) be the first derivative of 21*p**2/2 - 19*p + 202. Suppose 2*d - d = 5. What are the prime factors of w(d)?
2, 43
Suppose 72478 = 2*s - m, -123*s = -122*s - m - 36241. List the prime factors of s.
3, 47, 257
Let z(d) = -10*d + 17*d**3 - 35*d**3 + 14*d**2 + 21 + 17*d**3. List the prime factors of z(12).
3, 7
Let o = -261 + 231. List the prime factors of 2*-485*9/o.
3, 97
List the prime factors of 10/(-20)*-6*(-5403)/(-18)*44.
2, 11, 1801
Let n(q) = -2837*q + 3079. List the prime factors of n(-11).
2, 7, 31, 79
What are the prime factors of 5627410/1265 - 12/22?
2, 139
Suppose 5*r = o + 7, 38*o + 1 = 2*r + 37*o. Suppose r = -s, y - 3*s + 360 = 2*y. List the prime factors of y.
2, 3, 61
Suppose 15*w + 33*w - 305760 = 0. What are the prime factors of w?
2, 5, 7, 13
Let d = 121 + -54. Let b = -40 + d. List the prime factors of (-4 + b)/(3/6).
2, 23
Suppose 56 = 4*s + 212. Let n = s - -164. List the prime factors of n.
5
Let x(h) = -h**3 + 10*h**2 - 11*h + 26. Let s be x(9). Suppose -f + 86 = s. List the prime factors of f.
2, 3, 13
Suppose 0 = -2*j - 10, -5*j - 21 = 2*o - 0*j. Suppose -4*i - 789 = -2*h - 3*h, -h - o*i = -169. What are the prime factors of h?
7, 23
Suppose -z + 0*m + 559 = 5*m, -m + 2331 = 4*z. Let a = -254 + z. List the prime factors of a.
2, 3, 5, 11
Suppose 226*i - 26689 = 213*i. What are the prime factors of i?
2053
Let s(m) = 8*m + 208. Let r be s(-27). Let z(t) = -62*t - 63. What are the prime factors of z(r)?
433
Let s = -12 + 21. Let r(m) = -5 + s*m - 2*m - 5 + 4*m**2 + 1. List the prime factors of r(-6).
3, 31
Let i(q) = 84*q**3 - 21*q**2 + 85*q + 59. What are the prime factors of i(7)?
3, 9479
Let y(q) = 14*q + 10. Suppose m + 3*m - 4*a = 64, -5*m = 2*a - 94. Let z be y(m). Suppose 0 = -o - o + z. What are the prime factors of o?
131
Let l(s) = 2*s**2 - 12*s + 10. Let o be l(6). Suppose 0 = -o*g + 2022 - 772. List the prime factors of g.
5
Suppose -3*l = -2*m - 1, 0*l - 20 = -4*l. Let a = m - 3. Suppose 0 = -5*u + 3*s + 269, a*u - 276 + 60 = 2*s. List the prime factors of u.
5, 11
Suppose 22374 = 9*o - 4779. Suppose -o = -5*b + t, -2*t + 9 = t. List the prime factors of b.
2, 151
Let y = -69371 - -100457. What are the prime factors of y?
2, 3, 11, 157
List the prime factors of 350/(-160)*-746 + 2/16.
2, 3, 17
Suppose 2*p - 228 = -3*z + 362, 2*z + 2*p - 390 = 0. Suppose 2*s - 628 = z. What are the prime factors of s?
2, 3, 23
Let l(t) = 21*t**3 - 2*t**2 - t - 2. Let u be l(2). Suppose -4*x + u = -2*x. Let p = x + 17. What are the prime factors of p?
5, 19
Suppose 124*v - 316*v = -594485 + 97205. List the prime factors of v.
2, 5, 7, 37
Let p be 1*(-16)/20 - (-13678)/10. Suppose 0 = -2*t - w + 903, -2*t + 4*w = -5*t + p. List the prime factors of t.
449
Let u(s) = 16 - 11*s + s + 23. Suppose 0 = -191*q + 199*q + 56. What are the prime factors of u(q)?
109
List the prime factors of -2 + 11/(88/7296).
2, 5, 7, 13
Let j(x) = 4*x**2 + 4*x - 2. Let v = -40 - -35. Let c(g) = 9*g**2 + 9*g - 5. Let h(f) = v*j(f) + 3*c(f). What are the prime factors of h(2)?
37
Suppose -p = -2*x - 79678, 3*x + 12 + 9 = 0. What are the prime factors of p?
2, 13, 383
Suppose p = 3*p - 82630. What are the prime factors of p?
5, 8263
List the prime factors of 6/(-22) - ((-3443916)/132 - -5).
3, 5, 37, 47
Suppose -5*p = -779 - 96. Suppose -7*c - p + 2534 = 0. What are the prime factors of c?
337
Let j be -1*(-1)/(4/248). Let x = -63 + j. What are the prime factors of (x + 245/(-3))*-3?
2, 31
Let r(u) = u**3 - 13*u**2 - 2*u + 18. Let a be r(17). Suppose -3*l + a = 3*l. Suppose 0 = -n - 4*n + l. List the prime factors of n.
2, 19
Suppose 13*f = 16*f - 12. Suppose 0 = -2*t - t - f*j + 1091, 3*t - j - 1096 = 0. List the prime factors of t.
5, 73
Let x = -30 - 73. Let z = 353 - x. What are the prime factors of z?
2, 3, 19
Suppose -34*r + 46*r - 60 = 0. Suppose -6*b = -3*b + 3*x - 354, r*b - x = 572. What are the prime factors of b?
5, 23
Let u(j) be the second derivative of -257*j**3/3 - 9*j**2/2 - 80*j + 2. List the prime factors of u(-2).
1019
Suppose 5*u = 15, -3*n = 4*u - 0*u - 21. Suppose -1942 = -2*m - 2*c + c, 5*m = -n*c + 4854. What are the prime factors of m?
2, 3
Let r = 570 + 785. List the prime factors of r.
5, 271
Suppose 4*g + 2*t - 4330 = 0, 3*t = -2*t - 5. Let w = 1819 - g. What are the prime factors of w?
2, 23
Suppose -96 = 17*j - 181. Suppose 5*i = 5*h - 1690, 8*i + 1680 = j*h + 5*i. What are the prime factors of h?
3, 37
Let v(x) = -x**2 + 12*x - 43. Let m be v(-22). Let l = -243 - m. What are the prime factors of l?
2, 137
Suppose o + 20*h - 22*h = 5005, 4*o + 4*h = 19960. What are the prime factors of o?
3, 5, 37
Let g(o) = 4*o - 2. Let w be g(1). Suppose 12 = 2*s + w*y + 306, s + 159 = -4*y. Let k = s - -212. What are the prime factors of k?
3, 23
Let w be 2*(1 + 0)*1. Suppose -3*b = b + 3*x - 5321, -3*x = -w*b + 2683. List the prime factors of b.
2, 23, 29
Let k(d) = -15*d + 17. Let u(n) = -30*n + 33. Let t(z) = -5*k(z) + 2*u(z). List the prime factors of t(2).
11
What are the prime factors of 182372/15 - ((-340)/150)/(-17)?
2, 6079
Suppose 0*n + 15 = 3*n. Suppose 4*x - 1404 = 4*l, 1054 = 3*x + l - n*l. What are the prime factors of x?
2, 5, 7
Suppose -4*i = -1916 - 5540. Suppose 0*a - i = -3*a + 2*n, -25 = 5*n. List the prime factors of a.
2, 3, 103
Suppose 3*g + 30 = 3*c, -2*c = g + 2*g + 5. Suppose 3*x + c = 23. Suppose 24 = w + x. List the prime factors of w.
2, 3
Let y = -27 - -31. Suppose 35 - 115 = -y*x + 3*g, 56 = 4*x + 3*g. Suppose x*f = 12*f + 830. List the prime factors of f.
2, 83
Let l be 10/15 - (-2)/(-3). Suppose l = -4*x - 16, -16 = -3*g - x - 4*x. What are the prime factors of g/(-6) + (-2 - 1*-87)?
83
Let s(k) = -k**3 + 9*k**2 - 10*k + 13. Let a be s(7). Let y = a - 41. Suppose 5*q + 101 - 336 = y. List the prime factors of q.
47
List the prime factors of (-27)/6*(9 + -293).
2, 3, 71
Suppose -141*g + 16*g = 170*g - 1931660. List the prime factors of g.
2, 1637
List the prime factors of 599244/54 - (3/(-15))/((-36)/20).
3, 137
Let d(y) = -17*y**2 + 1. Let k be d(2). Let a = -1459 + 1561. Let v = a + k. What are the prime factors of v?
5, 7
Let m = -14765 + 36329. What are the prime factors of m?
2, 3, 599
Suppose -452 = -2*s + 1340. Suppose 12*k - 16*k + s = 0. List the prime factors of k.
2, 7
Let h(x) = 2*x - 28. Let w be h(16). Suppose -2*j + w*k + 26 = -18, 0 = -5*j + 5*k + 85. What are the prime factors of (-662)/(-6) - (64/j + -6)?
3, 37
Suppose w = -234 + 80. Let g = 232 - w. What are the prime factors of g?
2, 193
Let a(g) = 30*g**2 - 6*g - 9. Let m(z) be the third derivative of -z**4/24 - z**3/6 - 21*z**2. Let b be m(1). What are the prime factors of a(b)?
3, 41
Suppose -32 = -4*w - h, 0*w + w + 4*h + 7 = 0. Let k = w - 6. Suppose f = -k*i + 75, -3*f - 4*i = -0*i - 240. What are the prime factors of f?
2, 3, 7
Let z(q) = 5 + 10*q + 6 - 10*q**2 + 6*q**2 - 94*q**3 + 0 + 7*q**2. List the prime factors of z(-2).
5, 151
Let f = -10738 + 19981. What are the prime factors of f?
3, 13, 79
Suppose -70*p + 73*p = 3*j + 59262, -12 = 4*j. What are the prime factors of p?
19751
Let y(d) = 7 + 49*d + 3*d**2 - 23*d**2 - 1 - 2*d**3. Let u(n) = -n**3 - 10*n**2 + 25*n + 3. Let v(l) = -5*u(l) + 2*y(l). What are the prime factors of v(-12)?
3, 11
Let k = -93771 + 158263. List the prime factors of k.
2, 23, 701
Suppose 2*w - 3*s - 10436 = 0, -2*s + 2585 = w - 2626. List the prime factors of w.
5, 7, 149
Let d(x) = 2*x**2 + 9*x + 7. Let o be d(-10). Suppose o - 36 = -9*i. Let w(c) = -4*c + 22. What are the prime factors of w(i)?
2, 29
Suppose 6*u - 4*u + 4838 = 5*o, -u + 4841 = 5*o. Suppose -12*r = -16*r + o. List the prime factors of r.
2, 11
Suppose -1223826 + 324239 = -45*w + 621413. List the prime factors of w.
2, 5, 13
Suppose 5*v = 6*v - 4*l - 4443, -8868 = -2*v - l. Suppose 13*u = v - 28. What are the prime factors of u?
3, 113
Let s(y) = -y**3 - 96*y**2 + 166*y + 920. What are the prime factors of s(-99)?
17, 19, 43
Suppose 18*g - 209149 - 59861 = 0. What are the prime factors of g?
5, 7, 61
Suppose 2*w - 1815 = -3*y, -5*w - 5*y - 1823 = -7*w. Suppose 2*j = -8, 30*k - 4*j + w = 31*k. List the prime factors of k.
5, 37
Sup